o) - 7*m(o). Calculate r(3).
12
Let l(n) = -n**3 - n**3 - 1 + n**2 + 3*n + n**3. Determine l(3).
-10
Suppose 0*t = t - 3. Suppose -t*u = -x - 7, -x - 2*u + 5 = -u. Let m(p) = p**3 - p**2 + p + 1. What is m(x)?
7
Let d = -17 + 25. Suppose d + 28 = 4*x. Suppose 0 = -3*l - x, 4*g - 4*l - 2 = 6. Let v(w) = -3*w + 1. Give v(g).
4
Let w(g) = g**2 + g - 8. Let b(r) = -2*r**2 - 2*r + 15. Let o(q) = -3*b(q) - 5*w(q). Suppose -411 + 3 = 102*j. Give o(j).
7
Suppose 0 = 3*q - 4*d - 2, -2*d = -4*q - 1 - 3. Let r(i) = -3 + 5*i - 1 + 0*i + 7. What is r(q)?
-7
Let s(u) = u - 1. Let o(g) = -20*g + 16. Let c(i) = o(i) + 12*s(i). Let j(p) = -4*p + 2. Let v(b) = 4*c(b) - 7*j(b). Determine v(-4).
18
Let q(l) = -18*l**3 + 5*l**2 + l + 6 + l - 4*l**2 - 12 + 7. Suppose -3*d - 4 = -1. Calculate q(d).
18
Let x(q) = -q**2 - 6*q - 8. Let c(a) = -a**3 + 11*a**2 - 12*a + 14. Let l be 6*4/(-6) - -3. Let k(j) = -11*j - 1. Let g be k(l). Let d be c(g). What is x(d)?
-8
Let h(q) = q + 8. Let j(s) = 4*s + 22. Let t be j(-6). Let l be h(t). Let g(c) = c**3 - 7*c**2 + 6*c - 7. Give g(l).
-7
Let x(j) = -39*j + 99*j + 4 + 2 - j**2 - 51*j. Give x(9).
6
Let h = 118 - 122. Let u(z) = 0*z + 2*z + z**2 - 3 + 4. Determine u(h).
9
Suppose -v - i = -14, i = 3*v - 0*v - 46. Let f = v + -14. Let o(j) be the third derivative of j**4/4 + j**3/6 - 2*j**2. What is o(f)?
7
Let x(z) be the first derivative of -1/4*z**4 - 1 - z**2 + 5/3*z**3 + 2*z. Let u be (15/3 + 40/(-4))*-1. Give x(u).
-8
Let q(j) = 2*j**2 - 6*j. Let v(o) = o**2 - 2*o + 1. Suppose -3*f - 3*a = 3, 6*f - f + a - 11 = 0. Let d be v(f). Determine q(d).
8
Let s(n) = -4*n + n - 20032*n**2 + 20030*n**2. Let f(m) = -m - 3. Let q be f(0). Calculate s(q).
-9
Let w(m) = m - 1. Let y(f) = -5*f + 4. Let x(l) = 3*w(l) + y(l). Let r = -7 - -6. Let k be x(r). Let c(d) = d. What is c(k)?
3
Let k(r) = -r**2 + 12*r. Let l be ((-196)/168 - (-1)/6) + 8. Calculate k(l).
35
Let y(s) = s - 21. Let v = 979 + -967. Determine y(v).
-9
Let g(y) = 2*y**3 + 2*y**2 + 2*y. Let k = 27 - 23. Suppose k*i - 6*i = -42. Let v = i + -23. What is g(v)?
-12
Let p(s) = -s + 13. Let d be 0/(-5) - (1 + -29). Suppose -8*c + 4*c = -d. Give p(c).
6
Let m(c) = -11*c + 168. Let s be m(16). Let k(y) = -5*y**3 + 2*y**2 - 2*y - 11. Let n(d) = -4*d**3 + 3*d**2 - 2*d - 10. Let g(r) = 5*k(r) - 6*n(r). Give g(s).
-11
Let x = -5 - -11. Suppose x*c - 3*c = 0. Suppose 4*j - 6*j + 2 = c. Let b(k) = -5*k**2 - 2*k + 1. Give b(j).
-6
Let n(t) be the third derivative of -t**8/10080 + t**7/1008 - t**6/180 - 7*t**5/20 + t**2. Let w(q) be the third derivative of n(q). What is w(4)?
-16
Let b(n) = -54*n**3 + 3*n + 2. Let m be b(-1). Let q be (-32)/272 - m/(-17). Let c(i) = -4*i + 3. Give c(q).
-9
Let g(w) = w - 8. Suppose -3*v + 36 - 12 = 0. Let d be 0 - 0*(28/v)/(-7). Calculate g(d).
-8
Let j(t) = 10*t + 334. Let q be j(-33). Let s(i) = -i**2 + 6*i - 7. What is s(q)?
1
Let a = -7 - -19. Suppose -3*d + a = 3*d. Let n(b) = -3 + 2*b + 0*b**2 + 1 - 3*b**2. Give n(d).
-10
Let j(n) = 2*n**2 - 3*n + 4. Let i(c) = -c + c**3 - c**2 + 5*c - 3*c - 1. Let f(y) = i(y) + j(y). Give f(-3).
-9
Let z(o) = 50*o - 12*o - 9*o - 10*o + 12 - 14*o. What is z(5)?
37
Suppose 3*j + 4*p + 42 = 5*j, -5*p = -j + 33. Suppose 0 = -5*r + j + 7. Let s(y) = 1 + r - y - 2. Give s(0).
3
Let y(x) be the second derivative of x**4/12 - 7*x**3/6 + 7*x**2/2 - 11*x + 9. Suppose 0 = -5*z + 5 + 25. Determine y(z).
1
Let b(w) = w**3 - 9*w**2 + 3*w + 2. Let u(f) be the first derivative of -8/3*f**3 + 1/4*f**4 + f**2 - 4 + 2*f. Let y(l) = 5*b(l) - 6*u(l). Determine y(2).
8
Let x(l) = l**2 + 27. Let n(k) = 8*k**2 - 2*k + 3. Let b be n(3). Let q = b - 69. Determine x(q).
27
Suppose -w + 3*h - 11 = 7*h, 4*w = h - 10. Suppose -4*z + 5*u + 7 = 0, 4*z - 2*u = -u + 11. Let j(v) = 0*v**3 - 5*v + 2*v**z - 4*v**2 - 3*v**3 - 4. Give j(w).
2
Let c(o) = -o**2 - 8*o + 4. Suppose -6*u + 773 - 815 = 0. What is c(u)?
11
Let b(k) be the first derivative of -k**4/4 - 7*k**3/3 - 5*k**2/2 + k + 37. Suppose 0 = -2*p - p + 36. Let c = 6 - p. Give b(c).
-5
Let w(p) = 2*p**2 - 9*p + 2. Let b(c) = 10*c**2 - 38*c + 7. Let n(z) = -2*b(z) + 9*w(z). Determine n(-4).
-8
Let s(o) = o - 11. Let c = -1495 - -1497. What is s(c)?
-9
Let m = 12 + -12. Suppose 2*p = 5*p + 5*t + 15, 3*t + 9 = 0. Let c(d) = p*d - d - 5 + 7. Give c(m).
2
Let c(s) = s**3 - 2*s**2 + 3*s. Suppose -t - 4 + 3 = 0. Let x be -41 - -38 - ((-12)/2 - t). Calculate c(x).
6
Let y = 4 + -1. Suppose -x + 7*x - 18 = 0. Let m(h) = -78*h**x - 76*h**3 + 3*h**2 + 153*h**3 - 4. Give m(y).
-4
Let h(o) = 2*o + 19 - 15 + 3*o + o - o. Calculate h(2).
14
Let n = 9 + 15. Let t(c) = c - n + 20 - 2*c. Suppose 5*w - 5*j = -j - 4, 0 = -5*j - 20. Determine t(w).
0
Let r(d) = -d**2 - d + 3. Let p be r(0). Let x(n) = -3*n**3 + 3*n**2 + 1 + 4*n**p + 0 - 5 + n. Calculate x(-3).
-7
Let f(r) = -r**3 - 7*r**2 - 7*r. Suppose -8*l - 6 = 34. Determine f(l).
-15
Let i(q) = q**3 + 9*q**2 - q - 3. Suppose 16*h - 13*h + 30 = 0. Let w be h/4*90/25. What is i(w)?
6
Let v(f) = 2*f**2 + 10*f + 9. Let s = -384 + 378. What is v(s)?
21
Let r(b) = 2*b. Suppose -4*w + 7*h = 2*h + 67, -5*h = 5. Let f = w - -16. Let m be f*6/8*-2. What is r(m)?
6
Let w(n) be the third derivative of n**5/60 - n**4/4 + 4*n**3/3 - 4*n**2 - 14. Give w(5).
3
Let g be (4/(-12))/(1/(-6)). Let x(c) be the first derivative of 3*c**g - 3*c**2 - 4*c - 2*c**2 + 3*c + 2. What is x(-2)?
7
Let q(v) = v - 18 + 43 - 17. What is q(-4)?
4
Let b(n) = -n**3 - 4*n**2 + 10*n + 28. Let u be b(-5). Let k(q) be the second derivative of -2*q + 3*q**2 + 1/12*q**4 + 0 - 1/2*q**u. Calculate k(5).
16
Let c(j) be the third derivative of -j**6/120 - j**5/15 + 11*j**4/24 - 2*j**3 - 7*j**2 - 4. Determine c(-6).
-6
Let q(n) = -n**3 + n**2 - n - 1. Let c(k) = -4*k - 1. Let j be c(-4). Suppose 0 = j*y - 10*y. Determine q(y).
-1
Let p = -4 + -5. Let x = p - -13. Let k(w) = -w + 8 + x*w - 8 + w**2. Give k(-5).
10
Let y(t) = t**3 + 5*t**2 + 4*t + 3. Let k = 50 + -39. Suppose -k*i - 3 = -10*i. Determine y(i).
9
Let i(w) = -1 - 89*w**2 + 1 - w - w**3 + 88*w**2. Let n(t) = 7*t**3 + t**2 + t - 1. Let k(p) = -i(p) - n(p). What is k(-1)?
7
Let d(j) = -13 + 28 + j**3 + j**2 - 1 + 2. Determine d(0).
16
Let j(x) = -9*x - 3. Let h be j(0). Let w(d) = -5*d - 1. Let n(a) = -6*a. Let o(f) = 2*n(f) - 3*w(f). Calculate o(h).
-6
Let t = -4 - -1. Let y(l) = 2*l + 3. Let z(m) = -2*m - 3. Let h(v) = t*z(v) - 2*y(v). Suppose 0 = 2*g + 3*i + 8 - 13, -3*g = 5*i - 9. Calculate h(g).
-1
Let g(f) = -2*f**3 - 3*f**2 - 2*f - 14. Let v(m) = 3*m**3 + 5*m**2 + 4*m + 28. Let y(r) = 5*g(r) + 3*v(r). Give y(0).
14
Let s(o) = -2*o + 1. Suppose -h + 21 = -4*d, 4*d - 2*h = 2*d - 12. What is s(d)?
11
Let o(f) be the second derivative of 1/6*f**3 + 1/12*f**4 + 6*f + 0 - f**2. What is o(-3)?
4
Let d be (-1 - (-27)/12)*-8. Let y be (d/20)/(2/(-96)). Suppose -4*v + y = 2*f, -3*f + 4*v - v = 0. Let b(j) = -j**2 + 4*j - 6. Give b(f).
-6
Let q(u) = -u**3 + 2*u**2 + 17*u - 6. Let a be q(5). Suppose -10*t + 14*t + a = 0. Let x(w) = 4*w**3 - w**2 - 2*w - 1. Determine x(t).
-4
Let p(z) = -z**2 - 12*z - 12. Suppose -19 = 3*y + 11. Calculate p(y).
8
Let y = -21 - -29. Let r(c) = 4*c**3 + 7*c**2 - 9*c + 5. Let a(k) = 6*k**3 + 11*k**2 - 14*k + 8. Let m(l) = y*r(l) - 5*a(l). Determine m(-2).
-8
Let a(x) = -59*x - 65*x + 121*x. Determine a(-1).
3
Suppose 17 - 26 = -9*y. Let t(u) = 10*u**2 + 1. What is t(y)?
11
Let b = 141 - 46. Let y = b + -99. Let v(p) = -3*p + 2. Let f(c) = -5*c + 4. Let x(w) = -4*f(w) + 7*v(w). What is x(y)?
2
Let l(h) = -2*h**2 - 3*h + 3. Let u(w) = -w**3 - 5*w**2 + 4. Let a be u(-5). Suppose -5*x = 4*p + 12, 0 = -a*p + x - 12 - 0. What is l(p)?
-6
Let r be 0*3/(-6)*1. Suppose 8 = 5*j - 6*j + 5*f, r = -5*j + f - 40. Let t = j - -7. Let p(s) = 5*s. Give p(t).
-5
Let g(u) be the third derivative of -7*u**4/24 + u**3/6 - 51*u**2. Calculate g(1).
-6
Let p(i) = -23 - 17*i - 6 - 4*i + 6*i + 87. What is p(4)?
-2
Let m(i) = -7*i**2 - 14*i - 15. Let t(p) = 9*p**2 + 16*p + 16. Let z(s) = 5*m(s) + 4*t(s). Give z(7).
-4
Let a(f) = f**2 - f + 1. Let t(u) = -u**3 + 2*u**2 + 7*u - 3. Let v(x) = -a(x) - t(x). Determine v(4).
-6
Let h(t) = 10*t**3 + 24*t**2 + 11*t + 3. Let i(p) = -3*p**3 - 9*p**2 - 4*p - 1. Let k(l) = 3*h(l) + 8*i(l). Calculate k(-1).
-